{"id":317,"date":"2020-12-10T11:33:35","date_gmt":"2020-12-10T11:33:35","guid":{"rendered":"http:\/\/slagbaumas.lt\/?page_id=317"},"modified":"2020-12-10T14:26:11","modified_gmt":"2020-12-10T14:26:11","slug":"kelio-uztvaras-jusu-kiemui-gsm-skabucio-pagalba","status":"publish","type":"page","link":"https:\/\/slagbaumas.lt\/index.php\/kelio-uztvaras-jusu-kiemui-gsm-skabucio-pagalba\/","title":{"rendered":"Kelio u\u017etvaras j\u016bs\u0173 kiemui  GSM skambu\u010dio pagalba"},"content":{"rendered":"\t\t<div data-elementor-type=\"wp-page\" data-elementor-id=\"317\" class=\"elementor elementor-317\" data-elementor-post-type=\"page\">\n\t\t\t\t\t\t<section class=\"elementor-section elementor-top-section elementor-element elementor-element-6904c19 elementor-section-boxed elementor-section-height-default elementor-section-height-default\" data-id=\"6904c19\" data-element_type=\"section\" data-e-type=\"section\">\n\t\t\t\t\t\t<div class=\"elementor-container elementor-column-gap-default\">\n\t\t\t\t\t<div class=\"elementor-column elementor-col-100 elementor-top-column elementor-element elementor-element-328175f\" data-id=\"328175f\" data-element_type=\"column\" data-e-type=\"column\">\n\t\t\t<div class=\"elementor-widget-wrap elementor-element-populated\">\n\t\t\t\t\t\t<div class=\"elementor-element elementor-element-8a7d63a elementor-widget elementor-widget-text-editor\" data-id=\"8a7d63a\" data-element_type=\"widget\" data-e-type=\"widget\" data-widget_type=\"text-editor.default\">\n\t\t\t\t<div class=\"elementor-widget-container\">\n\t\t\t\t\t\t\t\t\t<p>\u0160iai dienai did\u0117jant transporto priemoni\u0173 kiekiui, o laisvas parkavimosi plotas vis ma\u017e\u0117ja, neretai tenka apriboti patekim\u0105 \u012f parkavimosi viet\u0105. Tam tikslui naudojami kelio u\u017etvarai. Kelio u\u017etvarai gali b\u016bti skirtingi, priklausomai nuo j\u0173 technini\u0173 savybi\u0173 ( u\u017etvaro karties ilgis, atidarymo \/ u\u017edarymo laikas, suvartojama galia, spalva ir t.t )<\/p><p>Vienas i\u0161 pagrindini\u0173 aspektu renkantis kelio u\u017etvar\u0105 tur\u0117t\u0173 b\u016bti funkcionalumas, bei patogumas jo valdyme.<\/p><p>Aptarkime vien\u0105 i\u0161 populiariausi\u0173 bei pigiausi\u0173 b\u016bt\u0173 : <strong><a href=\"https:\/\/slagbaumas.lt\/index.php\/produkto-kategorija\/gsm-moduliai\/\">GSM valdymas<\/a> .<\/strong><\/p>\t\t\t\t\t\t\t\t<\/div>\n\t\t\t\t<\/div>\n\t\t\t\t\t<\/div>\n\t\t<\/div>\n\t\t\t\t\t<\/div>\n\t\t<\/section>\n\t\t\t\t<section class=\"elementor-section elementor-top-section elementor-element elementor-element-55637fd elementor-section-boxed elementor-section-height-default elementor-section-height-default\" data-id=\"55637fd\" data-element_type=\"section\" data-e-type=\"section\">\n\t\t\t\t\t\t<div class=\"elementor-container elementor-column-gap-default\">\n\t\t\t\t\t<div class=\"elementor-column elementor-col-100 elementor-top-column elementor-element elementor-element-6c26eb6\" data-id=\"6c26eb6\" data-element_type=\"column\" data-e-type=\"column\">\n\t\t\t<div class=\"elementor-widget-wrap elementor-element-populated\">\n\t\t\t\t\t\t<div class=\"elementor-element elementor-element-b241391 elementor-widget elementor-widget-image\" data-id=\"b241391\" data-element_type=\"widget\" data-e-type=\"widget\" data-widget_type=\"image.default\">\n\t\t\t\t<div class=\"elementor-widget-container\">\n\t\t\t\t\t\t\t\t\t\t\t\t\t\t\t<img fetchpriority=\"high\" decoding=\"async\" width=\"850\" height=\"638\" src=\"https:\/\/slagbaumas.lt\/wp-content\/uploads\/2020\/12\/GSM-kelio-uztvaras.jpg\" class=\"attachment-large size-large wp-image-55\" alt=\"\" srcset=\"https:\/\/slagbaumas.lt\/wp-content\/uploads\/2020\/12\/GSM-kelio-uztvaras.jpg.webp 960w, https:\/\/slagbaumas.lt\/wp-content\/uploads\/2020\/12\/GSM-kelio-uztvaras-600x450.jpg.webp 600w, https:\/\/slagbaumas.lt\/wp-content\/uploads\/2020\/12\/GSM-kelio-uztvaras-300x225.jpg.webp 300w, https:\/\/slagbaumas.lt\/wp-content\/uploads\/2020\/12\/GSM-kelio-uztvaras-768x576.jpg.webp 768w\" sizes=\"(max-width: 850px) 100vw, 850px\" \/>\t\t\t\t\t\t\t\t\t\t\t\t\t\t\t<\/div>\n\t\t\t\t<\/div>\n\t\t\t\t\t<\/div>\n\t\t<\/div>\n\t\t\t\t\t<\/div>\n\t\t<\/section>\n\t\t\t\t<section class=\"elementor-section elementor-top-section elementor-element elementor-element-9714a6c elementor-section-boxed elementor-section-height-default elementor-section-height-default\" data-id=\"9714a6c\" data-element_type=\"section\" data-e-type=\"section\">\n\t\t\t\t\t\t<div class=\"elementor-container elementor-column-gap-default\">\n\t\t\t\t\t<div class=\"elementor-column elementor-col-100 elementor-top-column elementor-element elementor-element-1e08c91\" data-id=\"1e08c91\" data-element_type=\"column\" data-e-type=\"column\">\n\t\t\t<div class=\"elementor-widget-wrap elementor-element-populated\">\n\t\t\t\t\t\t<div class=\"elementor-element elementor-element-b73339c elementor-widget elementor-widget-text-editor\" data-id=\"b73339c\" data-element_type=\"widget\" data-e-type=\"widget\" data-widget_type=\"text-editor.default\">\n\t\t\t\t<div class=\"elementor-widget-container\">\n\t\t\t\t\t\t\t\t\t<p>Principas labai paprastas :<\/p><p>-&gt; Atva\u017eiavus prie <a href=\"https:\/\/slagbaumas.lt\/index.php\/produkto-kategorija\/kelio-uztvaras\/\">u\u017etvaro<\/a> surenkamas telefono numeris ( kuris priskirtas u\u017etvarui ) ,J\u016bs\u0173 telefonas skambin\u0105 \u012f special\u0173 \u012frengin\u012f ( <a href=\"https:\/\/slagbaumas.lt\/index.php\/produkto-kategorija\/gsm-moduliai\/\">GSM valdikl\u012f<\/a> ) kuriame yra \u012fra\u0161ytas s\u0105ra\u0161as telefon\u0173 numeri\u0173 k\u016br\u0117 gali pakelti u\u017etvar\u0105. Jei sujungimas teigiamas GSM modulis numeta j\u016bs\u0173 skambut\u012f ir u\u017etvaras pakila . Jei J\u016bs\u0173 telefono numeris n\u0117ra \u012fra\u0161ytas, tai skambutis yra nutraukiamas ir patekimas yra ne galimas.<\/p><p>Tokios sistemos administravimas ir valdymas labai paprastas. Administratorius dirba su klientu s\u0105ra\u0161\u0173 ( duombaze ) gali j\u0105 koreguoti ( \u012ftraukti \/ pa\u0161alinti ) numerius SMS pagalba, arba naudojant programin\u0117 \u012frang\u0105 USB s\u0105saj\u0105 ar nuotolini\u0173 b\u016bt\u0173 per Could server\u012f .<\/p>\t\t\t\t\t\t\t\t<\/div>\n\t\t\t\t<\/div>\n\t\t\t\t\t<\/div>\n\t\t<\/div>\n\t\t\t\t\t<\/div>\n\t\t<\/section>\n\t\t\t\t<section class=\"elementor-section elementor-top-section elementor-element elementor-element-3ecd27c elementor-section-boxed elementor-section-height-default elementor-section-height-default\" data-id=\"3ecd27c\" data-element_type=\"section\" data-e-type=\"section\">\n\t\t\t\t\t\t<div class=\"elementor-container elementor-column-gap-default\">\n\t\t\t\t\t<div class=\"elementor-column elementor-col-100 elementor-top-column elementor-element elementor-element-79861eb\" data-id=\"79861eb\" data-element_type=\"column\" data-e-type=\"column\">\n\t\t\t<div class=\"elementor-widget-wrap elementor-element-populated\">\n\t\t\t\t\t\t<div class=\"elementor-element elementor-element-4372760 elementor-widget elementor-widget-text-editor\" data-id=\"4372760\" data-element_type=\"widget\" data-e-type=\"widget\" data-widget_type=\"text-editor.default\">\n\t\t\t\t<div class=\"elementor-widget-container\">\n\t\t\t\t\t\t\t\t\t<p><strong>Toks valdymas turi nema\u017eai plius\u0173 :<\/strong><\/p><p>Paprastas ir patogus valdymas ;<\/p><p>Nuotolinis atidarymas, net ne esant prie u\u017etvaro ;<\/p><p>Paprastas administravimas ;<\/p><p>Ma\u017ea \u012frenginio ir \u012frengimo kaina ;<\/p><p><strong>Minusai :<\/strong><\/p><p>Negalima gauti paprastai ataskaitos apie \u012fva\u017eiavimus ;<\/p><p>Nekontroliuojamas aik\u0161tel\u0117s automobili\u0173 kiekis ;<\/p><p><span style=\"color: var( --e-global-color-text ); font-weight: var( --e-global-typography-text-font-weight );\">Negalima patekti transportas kurio n\u0117ra duombaz\u0117je ( klientai , spec. Tarnybas ir t.t ) ;<\/span><\/p>\t\t\t\t\t\t\t\t<\/div>\n\t\t\t\t<\/div>\n\t\t\t\t\t<\/div>\n\t\t<\/div>\n\t\t\t\t\t<\/div>\n\t\t<\/section>\n\t\t\t\t<section class=\"elementor-section elementor-top-section elementor-element elementor-element-9a3dd87 elementor-section-boxed elementor-section-height-default elementor-section-height-default\" data-id=\"9a3dd87\" data-element_type=\"section\" data-e-type=\"section\">\n\t\t\t\t\t\t<div class=\"elementor-container elementor-column-gap-default\">\n\t\t\t\t\t<div class=\"elementor-column elementor-col-100 elementor-top-column elementor-element elementor-element-5b9fed0\" data-id=\"5b9fed0\" data-element_type=\"column\" data-e-type=\"column\">\n\t\t\t<div class=\"elementor-widget-wrap elementor-element-populated\">\n\t\t\t\t\t\t<div class=\"elementor-element elementor-element-7fe4e57 elementor-widget elementor-widget-text-editor\" data-id=\"7fe4e57\" data-element_type=\"widget\" data-e-type=\"widget\" data-widget_type=\"text-editor.default\">\n\t\t\t\t<div class=\"elementor-widget-container\">\n\t\t\t\t\t\t\t\t\t<p>GSM modulio valdymas taip pat turi nema\u017eai papildom\u0173 opcij\u0173. Galimas vartotoj\u0173 valdymas pagal tvarkara\u0161t\u012f , taip pat paprastai galima laikyti u\u017etvar\u0105 pakelta darbo laik\u0173 , o vakare j\u012f u\u017edaryti nuo svetim\u0173 automobili\u0173 .<\/p><p>Labai paprastai <a href=\"https:\/\/slagbaumas.lt\/index.php\/produkto-kategorija\/indukcines-kilpos-valdikliai\/\">indukcin\u0117s kilpos ir valdiklio<\/a> pagalba atlikti automatin\u012f i\u0161va\u017eiavim\u0105. Tarkim bet kas atva\u017eiav\u0119s prie u\u017etvaro visai nekli\u016bdamas gali i\u0161va\u017eioti i\u0161 teritorijos .<\/p><p>Toks sprendimas labai populiarus nedideli\u0173 aik\u0161teli\u0173 \u0161eimininkams , daugiabu\u010diams , \u012fmon\u0117s teritorij\u0173 kontroliavimui , privatiems namams bei kvartalams.<\/p><p>Pagrindinis klausimas kuris kyla u\u017esakovui , kiek tai gali kainuoti :<\/p><p><strong>Panagrin\u0117kime paprast\u0105 variant\u0105 :<\/strong><\/p><p>U\u017etvaro ilgis iki 6 metr\u0173 , reikia valdyti u\u017etvar\u0105 GSM skambu\u010dio pagalba , turi b\u016bti paskai\u010diuotos apsaugos nuo karties nusileidimo ant transporto priemon\u0117s<\/p><p><strong>\u0160io atvej\u0173 orientacin\u0117 kain\u0105 atrodytu taip :<\/strong><\/p>\t\t\t\t\t\t\t\t<\/div>\n\t\t\t\t<\/div>\n\t\t\t\t\t<\/div>\n\t\t<\/div>\n\t\t\t\t\t<\/div>\n\t\t<\/section>\n\t\t\t\t<section class=\"elementor-section elementor-top-section elementor-element elementor-element-aba4fa0 elementor-section-boxed elementor-section-height-default elementor-section-height-default\" data-id=\"aba4fa0\" data-element_type=\"section\" data-e-type=\"section\">\n\t\t\t\t\t\t<div class=\"elementor-container elementor-column-gap-default\">\n\t\t\t\t\t<div class=\"elementor-column elementor-col-100 elementor-top-column elementor-element elementor-element-1c64d18\" data-id=\"1c64d18\" data-element_type=\"column\" data-e-type=\"column\">\n\t\t\t<div class=\"elementor-widget-wrap elementor-element-populated\">\n\t\t\t\t\t\t<div class=\"elementor-element elementor-element-82fdea6 elementor-widget elementor-widget-image\" data-id=\"82fdea6\" data-element_type=\"widget\" data-e-type=\"widget\" data-widget_type=\"image.default\">\n\t\t\t\t<div class=\"elementor-widget-container\">\n\t\t\t\t\t\t\t\t\t\t\t\t\t\t\t<img decoding=\"async\" width=\"850\" height=\"308\" src=\"https:\/\/slagbaumas.lt\/wp-content\/uploads\/2020\/12\/Be-pavadinimo-1024x371.jpg\" class=\"attachment-large size-large wp-image-337\" alt=\"\" srcset=\"https:\/\/slagbaumas.lt\/wp-content\/uploads\/2020\/12\/Be-pavadinimo-1024x371.jpg.webp 1024w, https:\/\/slagbaumas.lt\/wp-content\/uploads\/2020\/12\/Be-pavadinimo-300x109.jpg.webp 300w, https:\/\/slagbaumas.lt\/wp-content\/uploads\/2020\/12\/Be-pavadinimo-768x278.jpg.webp 768w, https:\/\/slagbaumas.lt\/wp-content\/uploads\/2020\/12\/Be-pavadinimo-600x217.jpg.webp 600w, https:\/\/slagbaumas.lt\/wp-content\/uploads\/2020\/12\/Be-pavadinimo.jpg.webp 1509w\" sizes=\"(max-width: 850px) 100vw, 850px\" \/>\t\t\t\t\t\t\t\t\t\t\t\t\t\t\t<\/div>\n\t\t\t\t<\/div>\n\t\t\t\t\t<\/div>\n\t\t<\/div>\n\t\t\t\t\t<\/div>\n\t\t<\/section>\n\t\t\t\t<section class=\"elementor-section elementor-top-section elementor-element elementor-element-3faeaac elementor-section-boxed elementor-section-height-default elementor-section-height-default\" data-id=\"3faeaac\" data-element_type=\"section\" data-e-type=\"section\">\n\t\t\t\t\t\t<div class=\"elementor-container elementor-column-gap-default\">\n\t\t\t\t\t<div class=\"elementor-column elementor-col-100 elementor-top-column elementor-element elementor-element-5e5c632\" data-id=\"5e5c632\" data-element_type=\"column\" data-e-type=\"column\">\n\t\t\t<div class=\"elementor-widget-wrap elementor-element-populated\">\n\t\t\t\t\t\t<div class=\"elementor-element elementor-element-c320534 elementor-widget elementor-widget-text-editor\" data-id=\"c320534\" data-element_type=\"widget\" data-e-type=\"widget\" data-widget_type=\"text-editor.default\">\n\t\t\t\t<div class=\"elementor-widget-container\">\n\t\t\t\t\t\t\t\t\t<p>Pagal pateikt\u0105 s\u0105mat\u0105 turime pilnai veikianti u\u017etvar\u0105 kuris kontroliuoja prava\u017eiavim\u0105 iki 6 metr\u0173\u00a0 , palaiko iki 1000 vadotoj\u0173 duombazej\u0117, turi apsaug\u0105 nuo nusileidimo ant transporto priemon\u0117s, bei gali b\u016bti atidarytas darbo laik\u0173 , o tarkim vakare b\u016bti u\u017esidar\u0119s .<\/p><p class=\"MsoNormal\" style=\"text-align: justify;\">Jei Jums reikia pana\u0161aus sprendimo , <a href=\"https:\/\/slagbaumas.lt\/index.php\/elementor-92\/\">galite kreiptis nurodytais kontaktais<\/a> . Padarykite prava\u017eiavimo nuotrauk\u0105 i\u0161 abiej\u0173 pusiu , nurodykite koks transporto intensyvumas, bei kokios valdymo opcijos yra reikalingas. Ir mes parinksime tinkam\u0105 sprendim\u0105 J\u016bs\u0173 poreikiams.\u00a0<\/p>\t\t\t\t\t\t\t\t<\/div>\n\t\t\t\t<\/div>\n\t\t\t\t\t<\/div>\n\t\t<\/div>\n\t\t\t\t\t<\/div>\n\t\t<\/section>\n\t\t\t\t<\/div>\n\t\t","protected":false},"excerpt":{"rendered":"<p>\u0160iai dienai did\u0117jant transporto priemoni\u0173 kiekiui, o laisvas parkavimosi plotas vis ma\u017e\u0117ja, neretai tenka apriboti patekim\u0105 \u012f parkavimosi viet\u0105. Tam tikslui naudojami kelio u\u017etvarai. Kelio u\u017etvarai gali b\u016bti skirtingi, priklausomai nuo j\u0173 technini\u0173 savybi\u0173 ( u\u017etvaro karties ilgis, atidarymo \/<\/p>\n","protected":false},"author":1,"featured_media":0,"parent":0,"menu_order":0,"comment_status":"closed","ping_status":"closed","template":"","meta":{"footnotes":""},"class_list":["post-317","page","type-page","status-publish","hentry"],"aioseo_notices":[],"yoast_head":"<!-- This site is optimized with the Yoast SEO plugin v27.5 - https:\/\/yoast.com\/product\/yoast-seo-wordpress\/ -->\n<title>Kelio u\u017etvaras j\u016bs\u0173 kiemui GSM skambu\u010dio pagalba - Kelio u\u017etvaras | \u0160lagbaumas | Automatika<\/title>\n<meta name=\"description\" content=\"Tokios sistemos administravimas ir valdymas labai paprastas. Administratorius dirba su klientu s\u0105ra\u0161\u0173 ( duombaze ) gali j\u0105 koreguoti\" \/>\n<meta name=\"robots\" content=\"index, follow, max-snippet:-1, max-image-preview:large, max-video-preview:-1\" \/>\n<link rel=\"canonical\" href=\"https:\/\/slagbaumas.lt\/index.php\/kelio-uztvaras-jusu-kiemui-gsm-skabucio-pagalba\/\" \/>\n<meta property=\"og:locale\" content=\"lt_LT\" \/>\n<meta property=\"og:type\" content=\"article\" \/>\n<meta property=\"og:title\" content=\"Kelio u\u017etvaras j\u016bs\u0173 kiemui GSM skambu\u010dio pagalba - Kelio u\u017etvaras | \u0160lagbaumas | Automatika\" \/>\n<meta property=\"og:description\" content=\"Tokios sistemos administravimas ir valdymas labai paprastas. Administratorius dirba su klientu s\u0105ra\u0161\u0173 ( duombaze ) gali j\u0105 koreguoti\" \/>\n<meta property=\"og:url\" content=\"https:\/\/slagbaumas.lt\/index.php\/kelio-uztvaras-jusu-kiemui-gsm-skabucio-pagalba\/\" \/>\n<meta property=\"og:site_name\" content=\"Kelio u\u017etvaras | \u0160lagbaumas | Automatika\" \/>\n<meta property=\"article:publisher\" content=\"https:\/\/www.facebook.com\/ssgrupe.lt\" \/>\n<meta property=\"article:modified_time\" content=\"2020-12-10T14:26:11+00:00\" \/>\n<meta property=\"og:image\" content=\"http:\/\/slagbaumas.lt\/wp-content\/uploads\/2020\/12\/GSM-kelio-uztvaras.jpg\" \/>\n<meta name=\"twitter:card\" content=\"summary_large_image\" \/>\n<meta name=\"twitter:label1\" content=\"Est. reading time\" \/>\n\t<meta name=\"twitter:data1\" content=\"2 minut\u0117s\" \/>\n<script type=\"application\/ld+json\" class=\"yoast-schema-graph\">{\"@context\":\"https:\\\/\\\/schema.org\",\"@graph\":[{\"@type\":\"WebPage\",\"@id\":\"https:\\\/\\\/slagbaumas.lt\\\/index.php\\\/kelio-uztvaras-jusu-kiemui-gsm-skabucio-pagalba\\\/\",\"url\":\"https:\\\/\\\/slagbaumas.lt\\\/index.php\\\/kelio-uztvaras-jusu-kiemui-gsm-skabucio-pagalba\\\/\",\"name\":\"Kelio u\u017etvaras j\u016bs\u0173 kiemui GSM skambu\u010dio pagalba - Kelio u\u017etvaras | \u0160lagbaumas | Automatika\",\"isPartOf\":{\"@id\":\"https:\\\/\\\/slagbaumas.lt\\\/#website\"},\"primaryImageOfPage\":{\"@id\":\"https:\\\/\\\/slagbaumas.lt\\\/index.php\\\/kelio-uztvaras-jusu-kiemui-gsm-skabucio-pagalba\\\/#primaryimage\"},\"image\":{\"@id\":\"https:\\\/\\\/slagbaumas.lt\\\/index.php\\\/kelio-uztvaras-jusu-kiemui-gsm-skabucio-pagalba\\\/#primaryimage\"},\"thumbnailUrl\":\"http:\\\/\\\/slagbaumas.lt\\\/wp-content\\\/uploads\\\/2020\\\/12\\\/GSM-kelio-uztvaras.jpg\",\"datePublished\":\"2020-12-10T11:33:35+00:00\",\"dateModified\":\"2020-12-10T14:26:11+00:00\",\"description\":\"Tokios sistemos administravimas ir valdymas labai paprastas. Administratorius dirba su klientu s\u0105ra\u0161\u0173 ( duombaze ) gali j\u0105 koreguoti\",\"breadcrumb\":{\"@id\":\"https:\\\/\\\/slagbaumas.lt\\\/index.php\\\/kelio-uztvaras-jusu-kiemui-gsm-skabucio-pagalba\\\/#breadcrumb\"},\"inLanguage\":\"lt-LT\",\"potentialAction\":[{\"@type\":\"ReadAction\",\"target\":[\"https:\\\/\\\/slagbaumas.lt\\\/index.php\\\/kelio-uztvaras-jusu-kiemui-gsm-skabucio-pagalba\\\/\"]}]},{\"@type\":\"ImageObject\",\"inLanguage\":\"lt-LT\",\"@id\":\"https:\\\/\\\/slagbaumas.lt\\\/index.php\\\/kelio-uztvaras-jusu-kiemui-gsm-skabucio-pagalba\\\/#primaryimage\",\"url\":\"https:\\\/\\\/slagbaumas.lt\\\/wp-content\\\/uploads\\\/2020\\\/12\\\/GSM-kelio-uztvaras.jpg\",\"contentUrl\":\"https:\\\/\\\/slagbaumas.lt\\\/wp-content\\\/uploads\\\/2020\\\/12\\\/GSM-kelio-uztvaras.jpg\",\"width\":960,\"height\":720},{\"@type\":\"BreadcrumbList\",\"@id\":\"https:\\\/\\\/slagbaumas.lt\\\/index.php\\\/kelio-uztvaras-jusu-kiemui-gsm-skabucio-pagalba\\\/#breadcrumb\",\"itemListElement\":[{\"@type\":\"ListItem\",\"position\":1,\"name\":\"Home\",\"item\":\"https:\\\/\\\/slagbaumas.lt\\\/\"},{\"@type\":\"ListItem\",\"position\":2,\"name\":\"Kelio u\u017etvaras j\u016bs\u0173 kiemui GSM skambu\u010dio pagalba\"}]},{\"@type\":\"WebSite\",\"@id\":\"https:\\\/\\\/slagbaumas.lt\\\/#website\",\"url\":\"https:\\\/\\\/slagbaumas.lt\\\/\",\"name\":\"Kelio u\u017etvaras \\\/ \u0160lagbaumas \\\/ U\u017ekardas\",\"description\":\"Kelio u\u017etvaras | \u0160lagbaumas | Automatika\",\"publisher\":{\"@id\":\"https:\\\/\\\/slagbaumas.lt\\\/#organization\"},\"potentialAction\":[{\"@type\":\"SearchAction\",\"target\":{\"@type\":\"EntryPoint\",\"urlTemplate\":\"https:\\\/\\\/slagbaumas.lt\\\/?s={search_term_string}\"},\"query-input\":{\"@type\":\"PropertyValueSpecification\",\"valueRequired\":true,\"valueName\":\"search_term_string\"}}],\"inLanguage\":\"lt-LT\"},{\"@type\":\"Organization\",\"@id\":\"https:\\\/\\\/slagbaumas.lt\\\/#organization\",\"name\":\"\u0160lagbaumas | Kelio u\u017etvaras | Automatika\",\"url\":\"https:\\\/\\\/slagbaumas.lt\\\/\",\"logo\":{\"@type\":\"ImageObject\",\"inLanguage\":\"lt-LT\",\"@id\":\"https:\\\/\\\/slagbaumas.lt\\\/#\\\/schema\\\/logo\\\/image\\\/\",\"url\":\"https:\\\/\\\/slagbaumas.lt\\\/wp-content\\\/uploads\\\/2020\\\/12\\\/cropped-paradox_ssg-Max-Quality-removebg-preview.png\",\"contentUrl\":\"https:\\\/\\\/slagbaumas.lt\\\/wp-content\\\/uploads\\\/2020\\\/12\\\/cropped-paradox_ssg-Max-Quality-removebg-preview.png\",\"width\":250,\"height\":70,\"caption\":\"\u0160lagbaumas | Kelio u\u017etvaras | Automatika\"},\"image\":{\"@id\":\"https:\\\/\\\/slagbaumas.lt\\\/#\\\/schema\\\/logo\\\/image\\\/\"},\"sameAs\":[\"https:\\\/\\\/www.facebook.com\\\/ssgrupe.lt\",\"https:\\\/\\\/www.instagram.com\\\/ssgrupe\\\/\",\"https:\\\/\\\/www.youtube.com\\\/channel\\\/UCzujJEuABgV1qAFfrF41w8g\"]}]}<\/script>\n<!-- \/ Yoast SEO plugin. -->","yoast_head_json":{"title":"Kelio u\u017etvaras j\u016bs\u0173 kiemui GSM skambu\u010dio pagalba - Kelio u\u017etvaras | \u0160lagbaumas | Automatika","description":"Tokios sistemos administravimas ir valdymas labai paprastas. Administratorius dirba su klientu s\u0105ra\u0161\u0173 ( duombaze ) gali j\u0105 koreguoti","robots":{"index":"index","follow":"follow","max-snippet":"max-snippet:-1","max-image-preview":"max-image-preview:large","max-video-preview":"max-video-preview:-1"},"canonical":"https:\/\/slagbaumas.lt\/index.php\/kelio-uztvaras-jusu-kiemui-gsm-skabucio-pagalba\/","og_locale":"lt_LT","og_type":"article","og_title":"Kelio u\u017etvaras j\u016bs\u0173 kiemui GSM skambu\u010dio pagalba - Kelio u\u017etvaras | \u0160lagbaumas | Automatika","og_description":"Tokios sistemos administravimas ir valdymas labai paprastas. Administratorius dirba su klientu s\u0105ra\u0161\u0173 ( duombaze ) gali j\u0105 koreguoti","og_url":"https:\/\/slagbaumas.lt\/index.php\/kelio-uztvaras-jusu-kiemui-gsm-skabucio-pagalba\/","og_site_name":"Kelio u\u017etvaras | \u0160lagbaumas | Automatika","article_publisher":"https:\/\/www.facebook.com\/ssgrupe.lt","article_modified_time":"2020-12-10T14:26:11+00:00","og_image":[{"url":"http:\/\/slagbaumas.lt\/wp-content\/uploads\/2020\/12\/GSM-kelio-uztvaras.jpg","type":"","width":"","height":""}],"twitter_card":"summary_large_image","twitter_misc":{"Est. reading time":"2 minut\u0117s"},"schema":{"@context":"https:\/\/schema.org","@graph":[{"@type":"WebPage","@id":"https:\/\/slagbaumas.lt\/index.php\/kelio-uztvaras-jusu-kiemui-gsm-skabucio-pagalba\/","url":"https:\/\/slagbaumas.lt\/index.php\/kelio-uztvaras-jusu-kiemui-gsm-skabucio-pagalba\/","name":"Kelio u\u017etvaras j\u016bs\u0173 kiemui GSM skambu\u010dio pagalba - Kelio u\u017etvaras | \u0160lagbaumas | Automatika","isPartOf":{"@id":"https:\/\/slagbaumas.lt\/#website"},"primaryImageOfPage":{"@id":"https:\/\/slagbaumas.lt\/index.php\/kelio-uztvaras-jusu-kiemui-gsm-skabucio-pagalba\/#primaryimage"},"image":{"@id":"https:\/\/slagbaumas.lt\/index.php\/kelio-uztvaras-jusu-kiemui-gsm-skabucio-pagalba\/#primaryimage"},"thumbnailUrl":"http:\/\/slagbaumas.lt\/wp-content\/uploads\/2020\/12\/GSM-kelio-uztvaras.jpg","datePublished":"2020-12-10T11:33:35+00:00","dateModified":"2020-12-10T14:26:11+00:00","description":"Tokios sistemos administravimas ir valdymas labai paprastas. Administratorius dirba su klientu s\u0105ra\u0161\u0173 ( duombaze ) gali j\u0105 koreguoti","breadcrumb":{"@id":"https:\/\/slagbaumas.lt\/index.php\/kelio-uztvaras-jusu-kiemui-gsm-skabucio-pagalba\/#breadcrumb"},"inLanguage":"lt-LT","potentialAction":[{"@type":"ReadAction","target":["https:\/\/slagbaumas.lt\/index.php\/kelio-uztvaras-jusu-kiemui-gsm-skabucio-pagalba\/"]}]},{"@type":"ImageObject","inLanguage":"lt-LT","@id":"https:\/\/slagbaumas.lt\/index.php\/kelio-uztvaras-jusu-kiemui-gsm-skabucio-pagalba\/#primaryimage","url":"https:\/\/slagbaumas.lt\/wp-content\/uploads\/2020\/12\/GSM-kelio-uztvaras.jpg","contentUrl":"https:\/\/slagbaumas.lt\/wp-content\/uploads\/2020\/12\/GSM-kelio-uztvaras.jpg","width":960,"height":720},{"@type":"BreadcrumbList","@id":"https:\/\/slagbaumas.lt\/index.php\/kelio-uztvaras-jusu-kiemui-gsm-skabucio-pagalba\/#breadcrumb","itemListElement":[{"@type":"ListItem","position":1,"name":"Home","item":"https:\/\/slagbaumas.lt\/"},{"@type":"ListItem","position":2,"name":"Kelio u\u017etvaras j\u016bs\u0173 kiemui GSM skambu\u010dio pagalba"}]},{"@type":"WebSite","@id":"https:\/\/slagbaumas.lt\/#website","url":"https:\/\/slagbaumas.lt\/","name":"Kelio u\u017etvaras \/ \u0160lagbaumas \/ U\u017ekardas","description":"Kelio u\u017etvaras | \u0160lagbaumas | Automatika","publisher":{"@id":"https:\/\/slagbaumas.lt\/#organization"},"potentialAction":[{"@type":"SearchAction","target":{"@type":"EntryPoint","urlTemplate":"https:\/\/slagbaumas.lt\/?s={search_term_string}"},"query-input":{"@type":"PropertyValueSpecification","valueRequired":true,"valueName":"search_term_string"}}],"inLanguage":"lt-LT"},{"@type":"Organization","@id":"https:\/\/slagbaumas.lt\/#organization","name":"\u0160lagbaumas | Kelio u\u017etvaras | Automatika","url":"https:\/\/slagbaumas.lt\/","logo":{"@type":"ImageObject","inLanguage":"lt-LT","@id":"https:\/\/slagbaumas.lt\/#\/schema\/logo\/image\/","url":"https:\/\/slagbaumas.lt\/wp-content\/uploads\/2020\/12\/cropped-paradox_ssg-Max-Quality-removebg-preview.png","contentUrl":"https:\/\/slagbaumas.lt\/wp-content\/uploads\/2020\/12\/cropped-paradox_ssg-Max-Quality-removebg-preview.png","width":250,"height":70,"caption":"\u0160lagbaumas | Kelio u\u017etvaras | Automatika"},"image":{"@id":"https:\/\/slagbaumas.lt\/#\/schema\/logo\/image\/"},"sameAs":["https:\/\/www.facebook.com\/ssgrupe.lt","https:\/\/www.instagram.com\/ssgrupe\/","https:\/\/www.youtube.com\/channel\/UCzujJEuABgV1qAFfrF41w8g"]}]}},"jetpack_sharing_enabled":true,"_links":{"self":[{"href":"https:\/\/slagbaumas.lt\/index.php\/wp-json\/wp\/v2\/pages\/317","targetHints":{"allow":["GET"]}}],"collection":[{"href":"https:\/\/slagbaumas.lt\/index.php\/wp-json\/wp\/v2\/pages"}],"about":[{"href":"https:\/\/slagbaumas.lt\/index.php\/wp-json\/wp\/v2\/types\/page"}],"author":[{"embeddable":true,"href":"https:\/\/slagbaumas.lt\/index.php\/wp-json\/wp\/v2\/users\/1"}],"replies":[{"embeddable":true,"href":"https:\/\/slagbaumas.lt\/index.php\/wp-json\/wp\/v2\/comments?post=317"}],"version-history":[{"count":29,"href":"https:\/\/slagbaumas.lt\/index.php\/wp-json\/wp\/v2\/pages\/317\/revisions"}],"predecessor-version":[{"id":393,"href":"https:\/\/slagbaumas.lt\/index.php\/wp-json\/wp\/v2\/pages\/317\/revisions\/393"}],"wp:attachment":[{"href":"https:\/\/slagbaumas.lt\/index.php\/wp-json\/wp\/v2\/media?parent=317"}],"curies":[{"name":"wp","href":"https:\/\/api.w.org\/{rel}","templated":true}]}}